et k = 87 + -86. Let g(d) = k*p(d) - 3*i(d). Calculate g(-5).
-4
Let g(f) = -23 - 22 - 10*f + 54 + 2*f**2. What is g(7)?
37
Let u(f) = -f + 11. Let c be u(9). Suppose s + 0*s - c = 0. Let v(n) = -4 + 4 - n + s*n. Determine v(1).
1
Let v(h) = h**3 - 22*h**2 - h + 21. Let o(q) = -46*q - 208. Let t be o(-5). Calculate v(t).
-1
Let k(j) = -j**3 + 7*j**2 - 8*j + 9. Let c = 268 - 262. Calculate k(c).
-3
Let u = -10 - -14. Let j(b) = b**3 - 4*b**2 + 4*b - 9. Let t be j(u). Let o(x) = -8*x + 1 + t*x + 2. What is o(6)?
-3
Let u be -35*1*(-70)/49. Suppose u = -r + 41. Let d(j) = -j**2 - 10*j - 12. What is d(r)?
-3
Let j(i) be the first derivative of i**7/840 - i**6/120 - 11*i**3/3 + 3. Let f(h) be the third derivative of j(h). Let t be 12/(-15)*(-7 - -2). Give f(t).
16
Let r(s) = -17*s**3 + 68*s**3 + 9*s**2 + 12 - 18*s**3 - 17*s**3 - 15*s**3. Calculate r(-9).
12
Let g(d) be the second derivative of d**5/20 - d**4/2 + d**3/6 - 3*d**2/2 + 6*d. Let a(f) = 2*f**2 - 71*f - 30. Let s be a(36). Determine g(s).
3
Let i(p) = p + 4. Let m(w) = 4*w - 12. Let o be m(4). Suppose 0 = -h + 2*c + 46, 6*h = h - o*c + 300. Let g be (-32)/h + 34/(-14). Determine i(g).
1
Let l(z) be the first derivative of -1/2*z**2 + 4*z + 12. Calculate l(-6).
10
Let i = 15 + -9. Let j(t) = -45 + 9*t - 10*t + 47. Give j(i).
-4
Suppose 7 - 16 = g. Let a be g/(-9) - 1/(-1). Let h(j) = -j - 7*j**a + 3*j - j + 1. Give h(-1).
-7
Let x = -42 + 44. Let v(f) = -6*f + 3. Give v(x).
-9
Let i(g) = g**2 - 16*g - 8. Let r be -8*(8 + (-351)/36). Determine i(r).
-36
Let p = -6 - -9. Let k(x) = -2*x - 2. Let z(r) = 3*r + 1. Let n(j) = p*z(j) + 4*k(j). Suppose 3*i + 1 = 4*t + 17, i = -t + 3. Determine n(i).
-1
Let g(j) be the first derivative of 1/2*j**4 - 13 + 2/3*j**3 - 2*j - j**2. Calculate g(-2).
-6
Let r(d) = 7*d - 42. Let l be r(5). Let f(j) = -j**3 - 6*j**2 + 6*j + 3. Give f(l).
10
Let i(v) be the first derivative of v**2/2 + 2*v + 54. Give i(-4).
-2
Suppose -m + 47 = 5*b, 5*b - 43 = -5*m - 8. Let z be -5*(4 - (34/b + 1)). Let i(j) = -2*j - 2. Give i(z).
-6
Let s(w) = -w**2 - 5*w + 8. Suppose -8*p + 6 = -5*p. Let d be p + 12*(-2)/3. Let y be s(d). Let a(b) = b**3 - 2*b**2 + 3*b - 1. Calculate a(y).
5
Let d(m) = -5*m**2 + 5*m**3 + 22 + 0*m**3 - 24. Let y(f) = 4*f**3 - 4*f**2 - 3. Let j(i) = 5*d(i) - 6*y(i). What is j(0)?
8
Let z(k) = -k**2 - 2*k - 7. Suppose -60 = -45*v + 57*v. Give z(v).
-22
Let z(n) be the third derivative of 0 - 1/10*n**5 - 7/6*n**3 + 0*n + 5/24*n**4 - 37*n**2 + 1/120*n**6. Calculate z(5).
-7
Let n(a) = a**2 - 2*a - 6. Let k(o) = 7 + 3*o - o**2 - 5 + 4. Let t(d) = -4*k(d) - 3*n(d). What is t(6)?
-6
Let i = 2 + 2. Suppose 5*d - b - 29 = 0, -3*d + 27 = b - i*b. Let f(j) = -j**2 + 3*j + 7. What is f(d)?
-3
Suppose 0*a + 2*a = 4. Let b(h) = -2*h**2 + h**a + h - 2*h**3 + 3*h**3. Determine b(-2).
-14
Let r(v) = -15*v**2 - 8*v. Let u(b) = 19*b**2 + 9*b - 1. Let n(g) = -4*r(g) - 3*u(g). Determine n(-3).
15
Let c(x) be the third derivative of x**6/120 - 7*x**5/30 + 11*x**4/24 - 19*x**3/6 + 190*x**2 + 2*x. Give c(13).
-45
Let h(z) = -5*z**3 - 19*z**2 + 16*z + 34. Let f(x) = -4*x**3 - 19*x**2 + 16*x + 35. Let c(u) = 6*f(u) - 5*h(u). Determine c(18).
4
Let n(v) = -v**2 - 11*v - 2. Let x = 20 + -26. Determine n(x).
28
Suppose 28 = 5*a - r - 14, -4*a + 28 = 2*r. Let h = a - 12. Let w(i) = 3*i + 4. Determine w(h).
-8
Let u = 812 + -4865/6. Let l(t) be the second derivative of 0 - 5*t + u*t**3 + 2/3*t**4 - 5/2*t**2 + 1/20*t**5. Give l(-7).
-5
Suppose -5 = 11*v + 72. Let r(l) = l**2 + 7*l + 8. What is r(v)?
8
Let p be ((-1 - -1)/(-3) - -1)*0. Let u(b) = -b**3 - b**2 + 9. What is u(p)?
9
Let c(v) = 2*v**2 + 2*v. Let l be c(-1). Let z(x) = -2*x + 2. Give z(l).
2
Let c = 49 + -33. Suppose 11*r + 100 = c*r. Suppose 5*m = -5*y - r - 25, 2*m = y - 9. Let q(j) = -3*j - 9. Calculate q(m).
9
Let n = 6 + 0. Let d(t) be the second derivative of -t**5/20 + 5*t**4/12 + 5*t**3/6 + 2*t**2 - 410*t. Determine d(n).
-2
Let g(a) = -18*a - 4 + 3*a**2 - 7*a + 13*a. What is g(4)?
-4
Let m = 21 + -13. Let k(q) be the first derivative of 20*q**3/3 + 3*q**2 - 11*q + 96. Let o(v) = 7*v**2 + 2*v - 4. Let t(x) = m*o(x) - 3*k(x). Give t(1).
-5
Let f(n) = -3*n**3 - 2*n**2 + n + 2. Let w be (36 - 28) + (-45)/5. Give f(w).
2
Let n = -6 - -15. Let w be (-11)/(-33) - 39/n. Let v(x) = -x**3 - 4*x**2 + x + 5. Give v(w).
1
Let i(o) = -3*o**3 + o**2 + 1. Let c(w) = -10*w**3 - 13*w**2 - 31*w - 15. Let m(v) = -c(v) + 3*i(v). Give m(-14).
-24
Let v be (8/6)/((-12)/18). Let k(l) = -l + 2. Let z be k(v). Let p(c) = -16*c**3 + 15*c**3 + 8*c + 4 - 13 + c**2 + z*c**2. Give p(6).
3
Let t(j) = -3*j - 11. Let b = 1 - 6. Let p be t(b). Let g(s) = -3 + 2*s - p + 6. Calculate g(1).
1
Let b(o) = -2 - 20 + 2*o + 29. Suppose -t - 3 = 4. Calculate b(t).
-7
Let i(y) = -4*y + 8*y + 0 - 4 + 4*y**2 - 3*y**2. Calculate i(-4).
-4
Let x(k) be the third derivative of -k**5/60 - k**4/4 + k**3 + 2*k**2 + 17. What is x(-8)?
-10
Let u(v) be the second derivative of -v**3/6 - 5*v**2/2 + v - 30. Determine u(5).
-10
Let c(t) = -t**2 - 3 - 5*t + 0*t - 1. Suppose -9*f - 16 = 29. Calculate c(f).
-4
Suppose -6*j = -13*j + 168. Suppose -6 = 3*h - 5*y, -4*y = -9*h + 13*h - j. Let s(u) = -2*u**2. Give s(h).
-18
Suppose 9*v = 58 - 22. Let f(j) = -j**3 + 4*j**2 - 1. Determine f(v).
-1
Suppose 0 = i - n - 2*n - 15, 0 = -2*i - 3*n - 15. Let p(x) = i - 6 - 23*x + 25*x. What is p(4)?
2
Let b(s) = -2*s - 130 + 374 + s**3 + 7*s**2 - 120 - 120. Calculate b(-7).
18
Let c(t) = -4*t**2 - 7*t + 3. Let n(x) = -7*x**2 - 14*x + 5. Let s(y) = 5*c(y) - 3*n(y). Let g be s(-6). Let b(h) = -h**2 + 3 + 163*h - 168*h - 2. What is b(g)?
-5
Suppose 4*v - 2*v - 14 = 0. Let w(f) = f**3 - 33*f - 6*f**2 + 16*f + 2 + 13*f + v. What is w(6)?
-15
Let s(m) = -m**2 - 8*m - 7. Suppose 2*v - 12 = 3*g + 7, -4*v + 23 = -3*g. Calculate s(g).
8
Let y(m) = 29*m**2 - 46*m - 7. Let c(d) = 11*d**2 - 16*d - 2. Let b(s) = -8*c(s) + 3*y(s). Determine b(-7).
16
Let d(n) = 4*n - 125 - 123 + 253. Determine d(-7).
-23
Let f(r) be the first derivative of 2*r**6/45 + 4*r**3 - 16. Let l(d) be the third derivative of f(d). Calculate l(-1).
16
Let f = 4 - 11. Let d(j) = j**3 + 4*j**2 + 3*j + 10. Let v(s) = s**3 + 5*s**2 + 2*s + 8. Let u(a) = -2*d(a) + 3*v(a). Determine u(f).
4
Let h(a) = 2*a**2 + 2*a. Let n = 139 - 147. Let b(g) = g**2 + g. Let u(c) = n*b(c) + 3*h(c). Let i(l) = l + 1. Let y be i(-3). Determine u(y).
-4
Let g(j) = -2*j + 2. Let s(k) = -9*k - 10. Let r(i) = -6*g(i) + s(i). Determine r(9).
5
Suppose -j - 3*j + 24 = 0. Let o(u) = -3*u - 5*u + 5*u - u**3 + 8*u**2 + 8 - 2*u**2. What is o(j)?
-10
Let i(l) be the second derivative of l**5/20 + 5*l**4/12 - 4*l**3/3 - 9*l**2/2 + 4*l. Let o be i(-6). Let g(x) = 1 + 22*x - o - 23*x + 3 + 7*x**2. What is g(1)?
7
Let t(w) = -w - 8. Let d(r) = 3*r + 23. Let s(z) = 5*z - 6. Let g(b) = -b**2 + 1. Let k(j) = -g(j) - s(j). Let u be k(6). Let p(v) = u*t(v) + 4*d(v). Give p(0).
4
Let d(r) = -r**3 + 6*r**2 + 4*r + 4. Let v(c) = -17*c + 13*c + 4 + 3*c + 14. Let z be v(11). Determine d(z).
-17
Let p(s) = 2*s - 2. Suppose -7*t = 23*t - 90. Calculate p(t).
4
Let r(y) = 10*y + 49. Let v be r(-5). Let j(t) = -t + 11. Let m(o) = 6. Let n(d) = 6*j(d) - 11*m(d). Calculate n(v).
6
Let m(y) = -y**2 + 4*y - 3. Suppose -14*z + 49 + 35 = 0. Determine m(z).
-15
Let c(z) = z**2 - 6*z + 2. Let w be c(6). Suppose -w*x + 16 = 3*b, -3*b - 2*b + 10 = -5*x. Let i(p) = -3 + 2 - b*p + 0 + 6*p. Give i(-1).
-3
Let g(f) = -3*f**2 - 14*f - 20. Let z(c) = -c**2 - 8*c - 10. Let v(w) = 3*g(w) - 7*z(w). Calculate v(8).
-6
Let o(w) = -8 + 14 + w - 5*w - 16. What is o(-4)?
6
Let h(y) = -y**3 + 9*y**2 - 5*y + 4. Let t be h(7). Suppose t = 2*z - 5. Let p(c) = -32*c - c**3 + z*c - 4*c**2 + 2*c**3. Determine p(3).
3
Let x(z) = -z**3 + 20*z**2 + 21*z - 7. Let w be (-49)/7*(3 - 6). Let s be x(w). Let l(n) = -n**2 - 7*n - 8. Determine l(s).
-8
Suppose -2*z + 2*t = 22, 73*t + 14 = -4*z + 71*t. Let x(v) = v**2 + 6*v + 3. Determine x(z).
3
Let l(r) be the second derivative of r**4/12 - r**3/3 - 5*r**2/2 - r. Let w be (-1)/((-4)/14) - 5/10. Suppose -4*n = b + 3, -1 = w*b + 3*n - 10. What is l(b)?
10
Let u(f) = 3*f**3 - f**2 - 2*f + 2. Let b(y) = 2*y**2 + 8*y. Let o(h) = h. Let w(a) = b(a) - 5*o(a). Let x be w(-2). Give u